h(74)?
59
Let z(h) = 16643*h - 17036. Calculate z(1).
-393
Let a(r) = -r**2 - 402*r - 40761. Calculate a(-211).
-460
Let g(i) = 38*i - 395. Determine g(32).
821
Let f(x) = 9*x**3 + 2*x**2 - 64*x + 200. Determine f(3).
269
Let g(q) = 2*q**2 - 18*q + 124. Calculate g(10).
144
Let l(y) = -2*y**3 - 12*y**2 + 72*y + 132. What is l(-13)?
1562
Let u(c) = 66050*c + 132071. Give u(-2).
-29
Let a(z) = 12*z**2 - 36*z - 504. Calculate a(7).
-168
Let y(a) = 11*a**2 - 5526*a - 5528. Determine y(-1).
9
Let t(a) = 11553*a + 69334. Give t(-6).
16
Let s(w) = 4271*w + 20817. Give s(-5).
-538
Let d(n) = -10691*n - 260. Give d(0).
-260
Let t(c) = -c**3 - 3*c**2 + 5941*c + 23761. Calculate t(-4).
13
Let h(v) = 9*v + 366. Determine h(-147).
-957
Let z(f) = -4*f**3 + 1321*f**2 - 4247*f - 898. Give z(327).
410
Let o(a) = -10*a**3 + 254*a**2 - 65*a - 905. Give o(25).
-30
Let m(j) = -363*j**2 - 44659*j - 1324. What is m(-123)?
-94
Let i(m) = -21*m**2 - 1165*m + 35779. Determine i(22).
-15
Let m(o) = 5*o**3 + 2360*o**2 - 4762*o - 10443. What is m(-474)?
-15
Let f(u) = -24*u**3 + 112*u**2 - 37*u + 387. What is f(5)?
2
Let j(y) = -324*y + 1069. Determine j(3).
97
Let c(o) = 2*o**2 - 244*o + 3447. Determine c(106).
55
Let j(f) = -f**2 - 285*f - 385. Determine j(-14).
3409
Let t(x) = -523*x + 3943. Determine t(7).
282
Let x(d) = d**3 - 68*d**2 + 129*d - 862. What is x(66)?
-1060
Let l(p) = -11*p - 3048. What is l(-285)?
87
Let m(t) = 2*t**3 - 7*t**2 - 766*t + 655. Give m(21).
4
Let j(f) = f**2 + 77*f - 162. Give j(-70).
-652
Let p(h) = -404*h - 331302. What is p(-820)?
-22
Let k(c) = 2*c**3 - 1133*c**2 + 2288*c - 55. Determine k(2).
5
Let d(o) = o**3 + 616*o**2 - 16*o - 10034. Give d(-616).
-178
Let y(z) = 3647*z - 7283. Determine y(2).
11
Let l(n) = -66*n**2 - 9490*n - 7453. What is l(-143)?
-17
Let h(b) = -16*b**2 + 1299*b + 781. Give h(82).
-285
Let r(i) = -40*i**3 + 557*i**2 + 46*i - 63. What is r(14)?
-7
Let b(x) = x**2 - 251*x - 3444. Calculate b(-13).
-12
Let b(m) = 992*m + 34722. Calculate b(-35).
2
Let t(v) = 442*v - 1536. Give t(3).
-210
Let u(j) = j**2 - 8161*j - 229294. Determine u(-28).
-2
Let m(z) = -187*z + 7091. Give m(38).
-15
Let k(p) = p**3 - 52*p**2 - 338*p + 15065. Determine k(53).
-40
Let y(h) = -29*h - 284. Give y(-22).
354
Let f(s) = 19697*s - 334793. What is f(17)?
56
Let s(b) = 2*b**3 - 95*b**2 + 602*b - 62. Calculate s(40).
18
Let c(b) = -b**3 + 110*b**2 + 2159*b - 209. Determine c(127).
-209
Let f(s) = s**3 + 5*s**2 - 332*s - 991. What is f(-3)?
23
Let d(n) = 1176*n - 12508. Determine d(11).
428
Let l(d) = -d**2 + 2244*d + 286192. Calculate l(-121).
27
Let u(g) = 658455*g - 3950728. What is u(6)?
2
Let i(k) = -49*k**3 + 345*k**2 - 101*k + 558. Calculate i(7).
-51
Let k(r) = 2*r**2 + 2545*r + 447118. What is k(-1062)?
16
Let w(x) = 501*x - 9564. Give w(20).
456
Let h(z) = -6*z**3 + 1092*z**2 + 23*z - 4248. What is h(182)?
-62
Let y(o) = o**3 + 132*o**2 - 124*o + 1102. Give y(-133).
-95
Let t(b) = -b**2 + 134593*b + 672969. What is t(-5)?
-21
Let o(p) = 38970*p - 779388. Calculate o(20).
12
Let g(s) = -17*s**2 + 320*s + 56838. What is g(68)?
-10
Let b(u) = 12010*u + 204197. Determine b(-17).
27
Let r(h) = -h**3 - 1632*h**2 - 4799*h + 143348. Determine r(-1629).
-4
Let x(a) = 274*a + 384. Calculate x(0).
384
Let v(a) = 16*a**3 - 15*a**2 + 35*a + 25. Calculate v(4).
949
Let d(y) = -247*y**2 + 3964*y + 36. Determine d(16).
228
Let q(b) = -2*b**2 - 213*b - 3533. Give q(-99).
-2048
Let y(t) = -2*t**3 + 1516*t**2 + 7627*t + 48. Determine y(-5).
63
Let b(v) = -66500*v - 5918505. Calculate b(-89).
-5
Let a(u) = -u**3 - 69*u**2 + 1026*u - 280. Calculate a(-82).
3000
Let f(a) = -3*a**2 - 63747*a - 573482. What is f(-9)?
-2
Let g(i) = -i**3 - 258*i**2 + 1852*i + 1157. Determine g(-265).
1952
Let j(u) = 11*u**3 - 318*u**2 + 14*u - 1081. Determine j(29).
166
Let n(j) = -8*j**3 + 81*j**2 - 255*j + 2470. Determine n(10).
20
Let q(c) = -143*c**2 - 445*c + 3886. What is q(-7)?
-6
Let p(v) = 1285*v + 95074. Determine p(-74).
-16
Let a(g) = -13541*g - 3805073. What is a(-281)?
-52
Let c(l) = 2*l**3 + 99*l**2 + 698*l + 86. Calculate c(-41).
45
Let o(g) = 113*g**2 + 11597*g + 7269. Give o(-102).
27
Let o(f) = -597978*f - 19733277. What is o(-33)?
-3
Let i(z) = -2*z**2 + 180*z + 187. What is i(27)?
3589
Let d(x) = -2*x**3 - 60*x**2 - 91*x - 59. Give d(-28).
-647
Let j(m) = 3*m**3 + 3*m**2 - 77*m + 788. Calculate j(9).
2525
Let r(n) = 272892*n + 3547604. Determine r(-13).
8
Let g(y) = 51*y**2 - 6165*y - 26238. Give g(125).
12
Let t(g) = 32*g**3 - 5198*g**2 + 55272*g - 910. What is t(151)?
-4
Let c(r) = r**2 + 899*r - 32818. Give c(35).
-128
Let o(p) = 971*p + 4902. Give o(-5).
47
Let l(t) = -27*t**2 + 3367*t + 11386. Give l(128).
-6
Let a(h) = -h**3 - 21*h**2 + 28*h + 241. Calculate a(-21).
-347
Let t(k) = -8*k**3 + 398*k**2 + 87*k + 463. Calculate t(50).
-187
Let z(d) = -3*d**2 - 1621*d - 35580. Determine z(-23).
116
Let q(r) = -7*r**3 - 59*r**2 - 6*r - 6. What is q(-8)?
-150
Let x(r) = -183*r**2 - 36*r + 28. What is x(2)?
-776
Let u(a) = 24902*a - 14. Give u(0).
-14
Let h(m) = m**3 - 74*m**2 - 782*m + 1441. Determine h(83).
-1464
Let h(c) = 2*c**3 + 231*c**2 + 69*c + 227. Calculate h(-115).
5517
Let v(h) = h**3 - 27*h**2 - 77*h - 307. Calculate v(30).
83
Let s(t) = 28*t**3 + 96*t**2 + 32*t + 76. What is s(-2)?
172
Let h(n) = -4*n**3 - 162*n**2 + 264*n - 27. What is h(-42)?
-531
Let t(h) = 2*h**2 + 2115*h + 63662. Calculate t(-31).
19
Let z(p) = 32502*p + 2470167. What is z(-76)?
15
Let c(n) = 10031*n - 250798. Give c(25).
-23
Let g(i) = -24*i**2 + 1389*i - 2502. What is g(56)?
18
Let y(j) = j**3 - 97*j**2 + 1084*j - 472. Calculate y(84).
-1144
Let x(l) = 763*l - 21285. Calculate x(28).
79
Let i(a) = -a**3 + 73*a**2 - 1304*a + 1251. Give i(44).
19
Let f(l) = 2*l**2 - 466*l - 124679. What is f(-159)?
-23
Let u(v) = -12*v**2 - 381*v - 3326. Calculate u(-16).
-302
Let y(h) = h**2 - 4*h - 2573. Determine y(51).
-176
Let i(z) = -20*z**2 + 138*z - 36. Determine i(10).
-656
Let j(v) = 4*v**2 + 4*v - 96. What is j(9)?
264
Let p(j) = 2*j**2 + 426*j + 6384. What is p(-194)?
-988
Let h(u) = -12*u**2 - 10104*u + 303093. Determine h(29).
-15
Let u(z) = -7*z**3 - 5*z**2 - 61*z + 131. What is u(2)?
-67
Let m(g) = 674877*g + 674862. Calculate m(-1).
-15
Let x(u) = 216*u + 12663. Calculate x(-21).
8127
Let m(d) = -d**3 - 122*d**2 - 238*d - 109. Determine m(-120).
-349
Let g(i) = -4*i**3 - 405*i**2 - 5262*i - 1462. Determine g(-86).
-86
Let h(x) = -6906*x + 290072. What is h(42)?
20
Let t(k) = k**3 + 94*k**2 + 353*k - 351. Determine t(-90).
279
Let o(s) = 545467*s - 2181872. Determine o(4).
-4
Let c(g) = -3*g**3 - g**2 + 48*g - 91. What is c(2)?
-23
Let t(k) = k**2 + 246*k + 3151. Determine t(-19).
-1162
Let f(n) = 29019*n + 203365. Give f(-7).
232
Let w(j) = 26413*j - 607501. Determine w(23).
-2
Let u(q) = 67*q**2 + 921*q - 69221. Give u(26).
17
Let c(g) = 5*g**2 - 46346*g + 46347. What is c(1)?
6
Let c(k) = -k**3 + 18*k**2 + 1375*k - 25762. Calculate c(19).
2
Let u(v) = -16*v**3 + 52*v**2 - 154*v + 614. Determine u(4).
-194
Let s(d) = 2*d**3 + 1795*d**2 + 8444*d + 363457. What is s(-893)?
6
Let z(u) = 7988*u - 12924578. Determine z(1618).
6
Let h(v) = -16366*v - 81839. Calculate h(-5).
-9
Let k(a) = -2025*a + 24570. Calculate k(12).
270
Let r(q) = 101*q + 10978. Give r(-109).
-31
Let b(f) = -300*f - 11804. What is b(-39)?
-104
Let b(u) = 7*u**3 + 2*u**2 - 1332*u + 3788. Give b(3).
-1
Let p(l) = 25*l**3 + 4*l**2 - 412*l + 151. Calculate p(0).
151
Let g(j) = 11603*j + 81210. What is g(-7)?
-11
Let u(x) = -106*x**2 + 641*x - 97. Give u(6).
-67
Let y(f) = 3*f**3 + 145*f**2 - 121*f - 2768. What is y(-49)?
-1641
Let z(c) = -3531*c + 8812. Give z(2).
1750
Let m(n) = 3*n**3 - 7*n**2 - 128*n + 336. Calculate m(8).
400
Let j(m) = -34403*m + 16203813. Give j(471).
0
Let v(x) = 34*x**2 - 36489*x + 43950. What is v(1072)?
-2
Let t(u) = 327*u - 21216. Give t(65).
39
Let o(n) = n**3 - 68*n**2 - 150*n - 2120. Determine o(71).
2353
Let z(f) = 2*f**3 - 9*f**2 - 238*f - 687. Determine z(-4).
-7
Let k(s) = s**3 - 3*s**2 - 25*s - 31. Give k(8).
89
Let f(w) = 22475*w - 157922. Calculate f(7).
-597
Let w(u) = -3*u**3 - 78*u**2 + 403*u + 8688. Determine w(-27).
-6
Let t(i) = 3*i**3 - 185*i**2 - 635*i + 35